{"id":5065,"date":"2024-03-21T03:34:20","date_gmt":"2024-03-21T02:34:20","guid":{"rendered":"https:\/\/www.adolphesax.be\/?page_id=5065"},"modified":"2024-03-21T03:34:20","modified_gmt":"2024-03-21T02:34:20","slug":"adolphe-sax","status":"publish","type":"page","link":"https:\/\/www.adolphesax.be\/es\/adolphe-sax\/","title":{"rendered":"Adolphe Sax"},"content":{"rendered":"<div class=\"pixcode  pixcode--grid  grid  \">\n\n<div class=\"grid__item six-twelfths palm-one-whole island\">\n\n<hgroup class=\"pixcode  pixcode--heading article__headline\">\n\t<h2 class=\"headline__secondary\"><span class=\"first-letter\">1<\/span>814<\/h2>\n\t<h1 class=\"headline__primary\">Nacimiento de Adolphe Sax<\/h1>\n<\/hgroup>\n<div class=\"pixcode  pixcode--separator  separator separator--flower separator_color--dark\">&#10043;<\/div>\n\n<p style=\"text-align: center;\">Adolphe Sax naci\u00f3 en Dinant*(B\u00e9lgica) el 6 de noviembre de 1814 y fue el hijo mayor de Charles-Joseph Sax (1791-1865), fabricante de instrumentos y due\u00f1o de una f\u00e1brica de instrumentos de viento en Bruselas.<br \/>\nEl padre Sax tambi\u00e9n fue proveedor de la corte durante el Reino Unido de los Pa\u00edses Bajos.<\/p>\n\n<\/div>\n\n<div class=\"grid__item six-twelfths palm-one-whole \">\n\n<figure id=\"attachment_50\" aria-describedby=\"caption-attachment-50\" style=\"width: 800px\" class=\"wp-caption aligncenter\"><a href=\"https:\/\/www.adolphesax.be\/wp-content\/uploads\/2015\/07\/adolphe-sax-maison.jpg\"><img loading=\"lazy\" decoding=\"async\" class=\"wp-image-50 size-full\" src=\"https:\/\/www.adolphesax.be\/wp-content\/uploads\/2015\/07\/adolphe-sax-maison.jpg\" alt=\"@ Rue Sax 37, Dinant - Belgi\u00eb\" width=\"800\" height=\"533\" \/><\/a><figcaption id=\"caption-attachment-50\" class=\"wp-caption-text\">@ Rue Sax 37, Dinant &#8211; B\u00e9lgica<\/figcaption><\/figure>\n<p style=\"text-align: center;\"><strong>*En el lugar exacto donde naci\u00f3 Adolphe Sax ahora se encuentra el centro de experiencias \u00abLa Maison de Monsieur SAX\u00bb, que se puede visitar.<\/strong><\/p>\n\n<\/div>\n\n\n<\/div>\n\n<div class=\"pixcode  pixcode--separator  separator separator--line-flower\">\n<div class=\"line  line--left\"><\/div>\n<div class=\"line  line--right\"><\/div>\n<div class=\"star\">&#10043;<\/div>\n<div class=\"arrows\">\n<div class=\"arrow arrow--left\"><\/div>\n<div class=\"arrow arrow--right\"><\/div>\n<\/div>\n<\/div>\n\n<p>&nbsp;<\/p>\n<div class=\"pixcode  pixcode--grid  grid  \">\n\n<div class=\"grid__item six-twelfths palm-one-whole \">\n\n<figure id=\"attachment_50\" aria-describedby=\"caption-attachment-50\" style=\"width: 800px\" class=\"wp-caption aligncenter\"><a href=\"https:\/\/www.adolphesax.be\/wp-content\/uploads\/2015\/08\/conservatory-brussels-2.png\"><img loading=\"lazy\" decoding=\"async\" class=\"wp-image-50 size-full\" src=\"https:\/\/www.adolphesax.be\/wp-content\/uploads\/2015\/08\/conservatory-brussels-2.png\" alt=\"\u00a9 Batigolix\" width=\"800\" height=\"533\" \/><\/a><figcaption id=\"caption-attachment-50\" class=\"wp-caption-text\">\u00a9 Batigolix<\/figcaption><\/figure>\n\n<\/div>\n\n<div class=\"grid__item six-twelfths palm-one-whole island\">\n\n<hgroup class=\"pixcode  pixcode--heading article__headline\">\n\t<h2 class=\"headline__secondary\"><span class=\"first-letter\">1<\/span>828<\/h2>\n\t<h1 class=\"headline__primary\">Educaci\u00f3n<\/h1>\n<\/hgroup>\n<div class=\"pixcode  pixcode--separator  separator separator--flower separator_color--dark\">&#10043;<\/div>\n\n<p style=\"text-align: center;\">Adolphe Sax comenz\u00f3 su educaci\u00f3n musical en 1828 en la Escuela Real de M\u00fasica de Bruselas. Adem\u00e1s de esta formaci\u00f3n general, tambi\u00e9n tom\u00f3 clases de clarinete. Con el clarinete particip\u00f3 en un concurso a la edad de 15 a\u00f1os.<\/p>\n\n<\/div>\n\n\n<\/div>\n\n<div class=\"pixcode  pixcode--separator  separator separator--line-flower\">\n<div class=\"line  line--left\"><\/div>\n<div class=\"line  line--right\"><\/div>\n<div class=\"star\">&#10043;<\/div>\n<div class=\"arrows\">\n<div class=\"arrow arrow--left\"><\/div>\n<div class=\"arrow arrow--right\"><\/div>\n<\/div>\n<\/div>\n\n<p>&nbsp;<\/p>\n<div class=\"pixcode  pixcode--grid  grid  \">\n\n<div class=\"grid__item six-twelfths palm-one-whole island\">\n\n<hgroup class=\"pixcode  pixcode--heading article__headline\">\n\t<h2 class=\"headline__secondary\"><span class=\"first-letter\">1<\/span>835-1840<\/h2>\n\t<h1 class=\"headline__primary\">Desarrollo<\/h1>\n<\/hgroup>\n<div class=\"pixcode  pixcode--separator  separator separator--flower separator_color--dark\">&#10043;<\/div>\n\n<p style=\"text-align: center;\">Sus primeros experimentos los realiz\u00f3 con el clarinete bajo: desarroll\u00f3 un nuevo sistema de 24 llaves, que present\u00f3 en la Exposici\u00f3n Industrial de Bruselas de 1835 y luego patent\u00f3.<br \/>\nLuego, Adolphe Sax trabaj\u00f3 en planes para una serie de nuevos instrumentos. En la exposici\u00f3n de 1840 present\u00f3 9 inventos, incluyendo un \u00f3rgano, un proceso de afinaci\u00f3n de pianos y una pantalla de reflexi\u00f3n de sonido.<\/p>\n\n<\/div>\n\n<div class=\"grid__item six-twelfths palm-one-whole island\">\n\n<hgroup class=\"pixcode  pixcode--heading article__headline\">\n\t<h2 class=\"headline__secondary\"><span class=\"first-letter\">1<\/span>841<\/h2>\n\t<h1 class=\"headline__primary\">El saxof\u00f3n<\/h1>\n<\/hgroup>\n<div class=\"pixcode  pixcode--separator  separator separator--flower separator_color--dark\">&#10043;<\/div>\n\n<p style=\"text-align: center;\">En la Exposici\u00f3n Industrial de Bruselas de 1841, Adolphe Sax present\u00f3 por primera vez una creaci\u00f3n propia al p\u00fablico: \u00a1el saxof\u00f3n!<\/p>\n<p style=\"text-align: center;\">El teniente general conde De Rumigny quer\u00eda que Adolphe Sax proveyera al ej\u00e9rcito franc\u00e9s de mejores instrumentos. Adolphe Sax tom\u00f3 la r\u00e1pida decisi\u00f3n de mudarse a Par\u00eds, la capital musical de Europa en ese momento.<\/p>\n\n<\/div>\n\n\n<\/div>\n\n","protected":false},"excerpt":{"rendered":"<p>&nbsp; &nbsp;<\/p>\n","protected":false},"author":1,"featured_media":3440,"parent":0,"menu_order":2,"comment_status":"closed","ping_status":"closed","template":"","meta":{"footnotes":""},"class_list":["post-5065","page","type-page","status-publish","has-post-thumbnail","hentry"],"_links":{"self":[{"href":"https:\/\/www.adolphesax.be\/es\/wp-json\/wp\/v2\/pages\/5065","targetHints":{"allow":["GET"]}}],"collection":[{"href":"https:\/\/www.adolphesax.be\/es\/wp-json\/wp\/v2\/pages"}],"about":[{"href":"https:\/\/www.adolphesax.be\/es\/wp-json\/wp\/v2\/types\/page"}],"author":[{"embeddable":true,"href":"https:\/\/www.adolphesax.be\/es\/wp-json\/wp\/v2\/users\/1"}],"replies":[{"embeddable":true,"href":"https:\/\/www.adolphesax.be\/es\/wp-json\/wp\/v2\/comments?post=5065"}],"version-history":[{"count":1,"href":"https:\/\/www.adolphesax.be\/es\/wp-json\/wp\/v2\/pages\/5065\/revisions"}],"predecessor-version":[{"id":5067,"href":"https:\/\/www.adolphesax.be\/es\/wp-json\/wp\/v2\/pages\/5065\/revisions\/5067"}],"wp:featuredmedia":[{"embeddable":true,"href":"https:\/\/www.adolphesax.be\/es\/wp-json\/wp\/v2\/media\/3440"}],"wp:attachment":[{"href":"https:\/\/www.adolphesax.be\/es\/wp-json\/wp\/v2\/media?parent=5065"}],"curies":[{"name":"wp","href":"https:\/\/api.w.org\/{rel}","templated":true}]}}

<div class="pixcode  pixcode--grid  grid  ">

<div class="grid__item six-twelfths palm-one-whole island">

<hgroup class="pixcode  pixcode--heading article__headline">
	<h2 class="headline__secondary"><span class="first-letter">1</span>814</h2>
	<h1 class="headline__primary">Nacimiento de Adolphe Sax</h1>
</hgroup>
<div class="pixcode  pixcode--separator  separator separator--flower separator_color--dark">&#10043;</div>

<p style="text-align: center;">Adolphe Sax nació en Dinant*(Bélgica) el 6 de noviembre de 1814 y fue el hijo mayor de Charles-Joseph Sax (1791-1865), fabricante de instrumentos y dueño de una fábrica de instrumentos de viento en Bruselas.<br />
El padre Sax también fue proveedor de la corte durante el Reino Unido de los Países Bajos.</p>

</div>

<div class="grid__item six-twelfths palm-one-whole ">

<figure id="attachment_50" aria-describedby="caption-attachment-50" style="width: 800px" class="wp-caption aligncenter"><a href="https://www.adolphesax.be/wp-content/uploads/2015/07/adolphe-sax-maison.jpg"><img loading="lazy" decoding="async" class="wp-image-50 size-full" src="https://www.adolphesax.be/wp-content/uploads/2015/07/adolphe-sax-maison.jpg" alt="@ Rue Sax 37, Dinant - België" width="800" height="533" /></a><figcaption id="caption-attachment-50" class="wp-caption-text">@ Rue Sax 37, Dinant &#8211; Bélgica</figcaption></figure>
<p style="text-align: center;"><strong>*En el lugar exacto donde nació Adolphe Sax ahora se encuentra el centro de experiencias «La Maison de Monsieur SAX», que se puede visitar.</strong></p>

</div>


</div>

<div class="pixcode  pixcode--separator  separator separator--line-flower">
<div class="line  line--left"></div>
<div class="line  line--right"></div>
<div class="star">&#10043;</div>
<div class="arrows">
<div class="arrow arrow--left"></div>
<div class="arrow arrow--right"></div>
</div>
</div>

<p>&nbsp;</p>
<div class="pixcode  pixcode--grid  grid  ">

<div class="grid__item six-twelfths palm-one-whole ">

<figure id="attachment_50" aria-describedby="caption-attachment-50" style="width: 800px" class="wp-caption aligncenter"><a href="https://www.adolphesax.be/wp-content/uploads/2015/08/conservatory-brussels-2.png"><img loading="lazy" decoding="async" class="wp-image-50 size-full" src="https://www.adolphesax.be/wp-content/uploads/2015/08/conservatory-brussels-2.png" alt="© Batigolix" width="800" height="533" /></a><figcaption id="caption-attachment-50" class="wp-caption-text">© Batigolix</figcaption></figure>

</div>

<div class="grid__item six-twelfths palm-one-whole island">

<hgroup class="pixcode  pixcode--heading article__headline">
	<h2 class="headline__secondary"><span class="first-letter">1</span>828</h2>
	<h1 class="headline__primary">Educación</h1>
</hgroup>
<div class="pixcode  pixcode--separator  separator separator--flower separator_color--dark">&#10043;</div>

<p style="text-align: center;">Adolphe Sax comenzó su educación musical en 1828 en la Escuela Real de Música de Bruselas. Además de esta formación general, también tomó clases de clarinete. Con el clarinete participó en un concurso a la edad de 15 años.</p>

</div>


</div>

<div class="pixcode  pixcode--separator  separator separator--line-flower">
<div class="line  line--left"></div>
<div class="line  line--right"></div>
<div class="star">&#10043;</div>
<div class="arrows">
<div class="arrow arrow--left"></div>
<div class="arrow arrow--right"></div>
</div>
</div>

<p>&nbsp;</p>
<div class="pixcode  pixcode--grid  grid  ">

<div class="grid__item six-twelfths palm-one-whole island">

<hgroup class="pixcode  pixcode--heading article__headline">
	<h2 class="headline__secondary"><span class="first-letter">1</span>835-1840</h2>
	<h1 class="headline__primary">Desarrollo</h1>
</hgroup>
<div class="pixcode  pixcode--separator  separator separator--flower separator_color--dark">&#10043;</div>

<p style="text-align: center;">Sus primeros experimentos los realizó con el clarinete bajo: desarrolló un nuevo sistema de 24 llaves, que presentó en la Exposición Industrial de Bruselas de 1835 y luego patentó.<br />
Luego, Adolphe Sax trabajó en planes para una serie de nuevos instrumentos. En la exposición de 1840 presentó 9 inventos, incluyendo un órgano, un proceso de afinación de pianos y una pantalla de reflexión de sonido.</p>

</div>

<div class="grid__item six-twelfths palm-one-whole island">

<hgroup class="pixcode  pixcode--heading article__headline">
	<h2 class="headline__secondary"><span class="first-letter">1</span>841</h2>
	<h1 class="headline__primary">El saxofón</h1>
</hgroup>
<div class="pixcode  pixcode--separator  separator separator--flower separator_color--dark">&#10043;</div>

<p style="text-align: center;">En la Exposición Industrial de Bruselas de 1841, Adolphe Sax presentó por primera vez una creación propia al público: ¡el saxofón!</p>
<p style="text-align: center;">El teniente general conde De Rumigny quería que Adolphe Sax proveyera al ejército francés de mejores instrumentos. Adolphe Sax tomó la rápida decisión de mudarse a París, la capital musical de Europa en ese momento.</p>

</div>


</div>
